{"id":1756,"date":"2020-10-26T22:14:21","date_gmt":"2020-10-26T22:14:21","guid":{"rendered":"https:\/\/opj.ces.uc.pt\/?page_id=1756"},"modified":"2020-10-28T10:12:33","modified_gmt":"2020-10-28T10:12:33","slug":"ii-conferencia-euroamericana-para-o-desenvolvimento-dos-direitos-humanos","status":"publish","type":"page","link":"https:\/\/opj.ces.uc.pt\/en\/ii-conferencia-euroamericana-para-o-desenvolvimento-dos-direitos-humanos\/","title":{"rendered":"II Confer\u00eancia Euroamericana para o Desenvolvimento dos Direitos Humanos"},"content":{"rendered":"<div id=\"fws_69f381c77f31e\"  data-midnight=\"dark\" data-top-percent=\"3%\" data-bottom-percent=\"3%\"  data-bg-mobile-hidden=\"\" class=\"wpb_row vc_row-fluid vc_row top-level full-width-section standard_section\"  style=\"padding-top: calc(100vw * 0.03); padding-bottom: calc(100vw * 0.03); \"><div class=\"row-bg-wrap\" data-bg-animation=\"none\"><div class=\"inner-wrap\"><div class=\"row-bg\"  style=\"\"><\/div><\/div><div class=\"row-bg-overlay\" ><\/div><\/div><div class=\"col span_12 dark left\">\n\t<div  class=\"vc_col-sm-12 wpb_column column_container vc_column_container col no-extra-padding\"  data-t-w-inherits=\"default\" data-border-radius=\"none\" data-shadow=\"none\" data-border-animation=\"\" data-border-animation-delay=\"\" data-border-width=\"none\" data-border-style=\"solid\" data-border-color=\"\" data-bg-cover=\"\" data-padding-pos=\"all\" data-has-bg-color=\"false\" data-bg-color=\"\" data-bg-opacity=\"1\" data-hover-bg=\"\" data-hover-bg-opacity=\"1\" data-animation=\"\" data-delay=\"0\"><div class=\"column-bg-overlay\"><\/div>\n\t\t<div class=\"vc_column-inner\">\n\t\t\t<div class=\"wpb_wrapper\">\n\t\t\t\t\r\n\t<div class=\"wpb_text_column wpb_content_element  vc_custom_1603879952266\" >\r\n\t\t<div class=\"wpb_wrapper\">\r\n\t\t\t<h3 style=\"text-align: left;\"><span style=\"color: #ffffff;\">CONFERENCE<\/span><\/h3>\n\r\n\t\t<\/div>\r\n\t<\/div>\r\n<div class=\"divider-wrap\" data-alignment=\"default\"><div style=\"height: 50px;\" class=\"divider\"><\/div><\/div>\n\t\t\t<\/div> \n\t\t<\/div>\n\t<\/div> \n<\/div><\/div>\n\t\t<div id=\"fws_69f381c77f675\"  data-midnight=\"dark\"  data-bg-mobile-hidden=\"\" class=\"wpb_row vc_row-fluid vc_row standard_section\"  style=\"padding-top: 0px; padding-bottom: 0px; \"><div class=\"row-bg-wrap\" data-bg-animation=\"none\"><div class=\"inner-wrap\"><div class=\"row-bg\"  style=\"\"><\/div><\/div><div class=\"row-bg-overlay\" ><\/div><\/div><div class=\"col span_12 dark left\">\n\t<div  class=\"vc_col-sm-8 wpb_column column_container vc_column_container col no-extra-padding\"  data-t-w-inherits=\"default\" data-border-radius=\"none\" data-shadow=\"none\" data-border-animation=\"\" data-border-animation-delay=\"\" data-border-width=\"none\" data-border-style=\"solid\" data-border-color=\"\" data-bg-cover=\"\" data-padding-pos=\"all\" data-has-bg-color=\"false\" data-bg-color=\"\" data-bg-opacity=\"1\" data-hover-bg=\"\" data-hover-bg-opacity=\"1\" data-animation=\"\" data-delay=\"0\"><div class=\"column-bg-overlay\"><\/div>\n\t\t<div class=\"vc_column-inner\">\n\t\t\t<div class=\"wpb_wrapper\">\n\t\t\t\t\r\n\t<div class=\"wpb_text_column wpb_content_element  vc_custom_1603750387905\" >\r\n\t\t<div class=\"wpb_wrapper\">\r\n\t\t\t<p><strong>II Euro-American Conference for the Development of Human Rights: Agenda 2030 \u2013 a new chapter in the evolution of human rights<br \/>\n<\/strong><a href=\"https:\/\/www.ces.uc.pt\/pt\/ces\/pessoas\/investigadoras-es\/joao-paulo-dias\">Jo\u00e3o Paulo Dias<\/a>, <a href=\"https:\/\/www.ces.uc.pt\/pt\/ces\/pessoas\/investigadoras-es\/paula-casaleiro\">Paula Casaleiro<\/a>, <a href=\"https:\/\/ces.uc.pt\/pt\/ces\/pessoas\/investigadoras-es\/teresa-maneca-lima\">Teresa Maneca Lima<\/a> e <a href=\"https:\/\/www.ces.uc.pt\/pt\/ces\/pessoas\/investigadoras-es\/conceicao-gomes\">Concei\u00e7\u00e3o Gomes<\/a> apresentaram a comunica\u00e7\u00e3o &#8220;Condi\u00e7\u00f5es de trabalho nos tribunais: impactos da pandemia COVID-19 na realiza\u00e7\u00e3o da justi\u00e7a&#8221;<br \/>\n12 e 13 de outubro<\/p>\n\r\n\t\t<\/div>\r\n\t<\/div>\r\n<div class=\"divider-wrap\" data-alignment=\"default\"><div style=\"height: 30px;\" class=\"divider\"><\/div><\/div><a class=\"nectar-button small see-through accent-color has-icon\" style=\"border-color: #581634; color: #581634;\" target=\"_blank\" href=\"https:\/\/cedh.pt\/programa\/\" data-color-override=\"#581634\" data-hover-color-override=\"false\" data-hover-text-color-override=\"#fff\"><span>PROGRAMME<\/span><i  class=\"fa fa-file-pdf-o\"><\/i><\/a>\n\t\t\t<\/div> \n\t\t<\/div>\n\t<\/div> \n\n\t<div  class=\"vc_col-sm-4 wpb_column column_container vc_column_container col no-extra-padding\"  data-t-w-inherits=\"default\" data-border-radius=\"none\" data-shadow=\"none\" data-border-animation=\"\" data-border-animation-delay=\"\" data-border-width=\"none\" data-border-style=\"solid\" data-border-color=\"\" data-bg-cover=\"\" data-padding-pos=\"all\" data-has-bg-color=\"false\" data-bg-color=\"\" data-bg-opacity=\"1\" data-hover-bg=\"\" data-hover-bg-opacity=\"1\" data-animation=\"\" data-delay=\"0\"><div class=\"column-bg-overlay\"><\/div>\n\t\t<div class=\"vc_column-inner\">\n\t\t\t<div class=\"wpb_wrapper\">\n\t\t\t\t\n\t\t\t<\/div> \n\t\t<\/div>\n\t<\/div> \n<\/div><\/div>","protected":false},"excerpt":{"rendered":"CONFER\u00caNCIA II Confer\u00eancia Euroamericana para o Desenvolvimento dos Direitos Humanos: Agenda 2030 \u2013 um novo cap\u00edtulo para a evolu\u00e7\u00e3o dos direitos humanos Jo\u00e3o Paulo Dias, Paula Casaleiro, Teresa Maneca Lima...","protected":false},"author":1,"featured_media":0,"parent":0,"menu_order":0,"comment_status":"closed","ping_status":"closed","template":"","meta":{"footnotes":""},"class_list":["post-1756","page","type-page","status-publish"],"_links":{"self":[{"href":"https:\/\/opj.ces.uc.pt\/en\/wp-json\/wp\/v2\/pages\/1756","targetHints":{"allow":["GET"]}}],"collection":[{"href":"https:\/\/opj.ces.uc.pt\/en\/wp-json\/wp\/v2\/pages"}],"about":[{"href":"https:\/\/opj.ces.uc.pt\/en\/wp-json\/wp\/v2\/types\/page"}],"author":[{"embeddable":true,"href":"https:\/\/opj.ces.uc.pt\/en\/wp-json\/wp\/v2\/users\/1"}],"replies":[{"embeddable":true,"href":"https:\/\/opj.ces.uc.pt\/en\/wp-json\/wp\/v2\/comments?post=1756"}],"version-history":[{"count":2,"href":"https:\/\/opj.ces.uc.pt\/en\/wp-json\/wp\/v2\/pages\/1756\/revisions"}],"predecessor-version":[{"id":1946,"href":"https:\/\/opj.ces.uc.pt\/en\/wp-json\/wp\/v2\/pages\/1756\/revisions\/1946"}],"wp:attachment":[{"href":"https:\/\/opj.ces.uc.pt\/en\/wp-json\/wp\/v2\/media?parent=1756"}],"curies":[{"name":"wp","href":"https:\/\/api.w.org\/{rel}","templated":true}]}}

II Conferência Euroamericana para o Desenvolvimento dos Direitos Humanos

<div id="fws_69f381c77f31e"  data-midnight="dark" data-top-percent="3%" data-bottom-percent="3%"  data-bg-mobile-hidden="" class="wpb_row vc_row-fluid vc_row top-level full-width-section standard_section"  style="padding-top: calc(100vw * 0.03); padding-bottom: calc(100vw * 0.03); "><div class="row-bg-wrap" data-bg-animation="none"><div class="inner-wrap"><div class="row-bg"  style=""></div></div><div class="row-bg-overlay" ></div></div><div class="col span_12 dark left">
	<div  class="vc_col-sm-12 wpb_column column_container vc_column_container col no-extra-padding"  data-t-w-inherits="default" data-border-radius="none" data-shadow="none" data-border-animation="" data-border-animation-delay="" data-border-width="none" data-border-style="solid" data-border-color="" data-bg-cover="" data-padding-pos="all" data-has-bg-color="false" data-bg-color="" data-bg-opacity="1" data-hover-bg="" data-hover-bg-opacity="1" data-animation="" data-delay="0"><div class="column-bg-overlay"></div>
		<div class="vc_column-inner">
			<div class="wpb_wrapper">
				
	<div class="wpb_text_column wpb_content_element  vc_custom_1603879952266" >
		<div class="wpb_wrapper">
			<h3 style="text-align: left;"><span style="color: #ffffff;">CONFERENCE</span></h3>

		</div>
	</div>
<div class="divider-wrap" data-alignment="default"><div style="height: 50px;" class="divider"></div></div>
			</div> 
		</div>
	</div> 
</div></div>
		<div id="fws_69f381c77f675"  data-midnight="dark"  data-bg-mobile-hidden="" class="wpb_row vc_row-fluid vc_row standard_section"  style="padding-top: 0px; padding-bottom: 0px; "><div class="row-bg-wrap" data-bg-animation="none"><div class="inner-wrap"><div class="row-bg"  style=""></div></div><div class="row-bg-overlay" ></div></div><div class="col span_12 dark left">
	<div  class="vc_col-sm-8 wpb_column column_container vc_column_container col no-extra-padding"  data-t-w-inherits="default" data-border-radius="none" data-shadow="none" data-border-animation="" data-border-animation-delay="" data-border-width="none" data-border-style="solid" data-border-color="" data-bg-cover="" data-padding-pos="all" data-has-bg-color="false" data-bg-color="" data-bg-opacity="1" data-hover-bg="" data-hover-bg-opacity="1" data-animation="" data-delay="0"><div class="column-bg-overlay"></div>
		<div class="vc_column-inner">
			<div class="wpb_wrapper">
				
	<div class="wpb_text_column wpb_content_element  vc_custom_1603750387905" >
		<div class="wpb_wrapper">
			<p><strong>II Euro-American Conference for the Development of Human Rights: Agenda 2030 – a new chapter in the evolution of human rights<br />
</strong><a href="https://www.ces.uc.pt/pt/ces/pessoas/investigadoras-es/joao-paulo-dias">João Paulo Dias</a>, <a href="https://www.ces.uc.pt/pt/ces/pessoas/investigadoras-es/paula-casaleiro">Paula Casaleiro</a>, <a href="https://ces.uc.pt/pt/ces/pessoas/investigadoras-es/teresa-maneca-lima">Teresa Maneca Lima</a> e <a href="https://www.ces.uc.pt/pt/ces/pessoas/investigadoras-es/conceicao-gomes">Conceição Gomes</a> apresentaram a comunicação &#8220;Condições de trabalho nos tribunais: impactos da pandemia COVID-19 na realização da justiça&#8221;<br />
12 e 13 de outubro</p>

		</div>
	</div>
<div class="divider-wrap" data-alignment="default"><div style="height: 30px;" class="divider"></div></div><a class="nectar-button small see-through accent-color has-icon" style="border-color: #581634; color: #581634;" target="_blank" href="https://cedh.pt/programa/" data-color-override="#581634" data-hover-color-override="false" data-hover-text-color-override="#fff"><span>PROGRAMME</span><i  class="fa fa-file-pdf-o"></i></a>
			</div> 
		</div>
	</div> 

	<div  class="vc_col-sm-4 wpb_column column_container vc_column_container col no-extra-padding"  data-t-w-inherits="default" data-border-radius="none" data-shadow="none" data-border-animation="" data-border-animation-delay="" data-border-width="none" data-border-style="solid" data-border-color="" data-bg-cover="" data-padding-pos="all" data-has-bg-color="false" data-bg-color="" data-bg-opacity="1" data-hover-bg="" data-hover-bg-opacity="1" data-animation="" data-delay="0"><div class="column-bg-overlay"></div>
		<div class="vc_column-inner">
			<div class="wpb_wrapper">
				
			</div> 
		</div>
	</div> 
</div></div>

CONFERÊNCIA II Conferência Euroamericana para o Desenvolvimento dos Direitos Humanos: Agenda 2030 – um novo capítulo para a evolução dos direitos humanos João Paulo Dias, Paula Casaleiro, Teresa Maneca Lima...
