{"id":2359,"date":"2020-11-27T15:50:29","date_gmt":"2020-11-27T15:50:29","guid":{"rendered":"https:\/\/opj.ces.uc.pt\/?page_id=2359"},"modified":"2020-11-29T12:20:59","modified_gmt":"2020-11-29T12:20:59","slug":"stress-em-contexto-militar-a-resposta-politico-juridica","status":"publish","type":"page","link":"https:\/\/opj.ces.uc.pt\/en\/stress-em-contexto-militar-a-resposta-politico-juridica\/","title":{"rendered":"Stress in the military: the political and legal response"},"content":{"rendered":"<div id=\"fws_69f48d4705fc6\"  data-midnight=\"dark\" data-top-percent=\"3%\" data-bottom-percent=\"3%\"  data-bg-mobile-hidden=\"\" class=\"wpb_row vc_row-fluid vc_row top-level full-width-section standard_section\"  style=\"padding-top: calc(100vw * 0.03); padding-bottom: calc(100vw * 0.03); \"><div class=\"row-bg-wrap\" data-bg-animation=\"none\"><div class=\"inner-wrap\"><div class=\"row-bg\"  style=\"\"><\/div><\/div><div class=\"row-bg-overlay\" ><\/div><\/div><div class=\"col span_12 dark left\">\n\t<div  class=\"vc_col-sm-12 wpb_column column_container vc_column_container col no-extra-padding\"  data-t-w-inherits=\"default\" data-border-radius=\"none\" data-shadow=\"none\" data-border-animation=\"\" data-border-animation-delay=\"\" data-border-width=\"none\" data-border-style=\"solid\" data-border-color=\"\" data-bg-cover=\"\" data-padding-pos=\"all\" data-has-bg-color=\"false\" data-bg-color=\"\" data-bg-opacity=\"1\" data-hover-bg=\"\" data-hover-bg-opacity=\"1\" data-animation=\"\" data-delay=\"0\"><div class=\"column-bg-overlay\"><\/div>\n\t\t<div class=\"vc_column-inner\">\n\t\t\t<div class=\"wpb_wrapper\">\n\t\t\t\t\r\n\t<div class=\"wpb_text_column wpb_content_element  vc_custom_1606492086938\" >\r\n\t\t<div class=\"wpb_wrapper\">\r\n\t\t\t<h3 style=\"text-align: left;\"><span style=\"color: #ffffff;\">STRESS IN A MILITARY CONTEXT: THE POLITICAL AND LEGAL RESPONSE<\/span><\/h3>\n\r\n\t\t<\/div>\r\n\t<\/div>\r\n\n\t\t\t<\/div> \n\t\t<\/div>\n\t<\/div> \n<\/div><\/div>\n\t\t<div id=\"fws_69f48d470628a\"  data-midnight=\"dark\"  data-bg-mobile-hidden=\"\" class=\"wpb_row vc_row-fluid vc_row standard_section\"  style=\"padding-top: 0px; padding-bottom: 0px; \"><div class=\"row-bg-wrap\" data-bg-animation=\"none\"><div class=\"inner-wrap\"><div class=\"row-bg\"  style=\"\"><\/div><\/div><div class=\"row-bg-overlay\" ><\/div><\/div><div class=\"col span_12 dark left\">\n\t<div  class=\"vc_col-sm-12 wpb_column column_container vc_column_container col no-extra-padding\"  data-t-w-inherits=\"default\" data-border-radius=\"none\" data-shadow=\"none\" data-border-animation=\"\" data-border-animation-delay=\"\" data-border-width=\"none\" data-border-style=\"solid\" data-border-color=\"\" data-bg-cover=\"\" data-padding-pos=\"all\" data-has-bg-color=\"false\" data-bg-color=\"\" data-bg-opacity=\"1\" data-hover-bg=\"\" data-hover-bg-opacity=\"1\" data-animation=\"\" data-delay=\"0\"><div class=\"column-bg-overlay\"><\/div>\n\t\t<div class=\"vc_column-inner\">\n\t\t\t<div class=\"wpb_wrapper\">\n\t\t\t\t\r\n    \t<div id=\"fws_69f48d4706626\" data-midnight=\"\" data-column-margin=\"default\" data-bg-mobile-hidden=\"\" class=\"wpb_row vc_row-fluid vc_row inner_row standard_section\"  style=\"padding-top: 0px; padding-bottom: 0px; \"><div class=\"row-bg-wrap\"> <div class=\"row-bg\"  style=\"\"><\/div> <\/div><div class=\"col span_12  left\">\n\t<div  class=\"vc_col-sm-12 wpb_column column_container vc_column_container col no-extra-padding\"   data-t-w-inherits=\"default\" data-shadow=\"none\" data-border-radius=\"none\" data-border-animation=\"\" data-border-animation-delay=\"\" data-border-width=\"none\" data-border-style=\"solid\" data-border-color=\"\" data-bg-cover=\"\" data-padding-pos=\"all\" data-has-bg-color=\"false\" data-bg-color=\"\" data-bg-opacity=\"1\" data-hover-bg=\"\" data-hover-bg-opacity=\"1\" data-animation=\"\" data-delay=\"0\"><div class=\"column-bg-overlay\"><\/div>\n\t\t<div class=\"vc_column-inner\">\n\t\t<div class=\"wpb_wrapper\">\n\t\t\t\r\n\t<div class=\"wpb_text_column wpb_content_element  vc_custom_1606492114000\" >\r\n\t\t<div class=\"wpb_wrapper\">\r\n\t\t\t<p><strong>Duration: <\/strong><\/p>\n<p>May 2018 to May 2021<\/p>\n\r\n\t\t<\/div>\r\n\t<\/div>\r\n<div class=\"divider-wrap\" data-alignment=\"default\"><div style=\"margin-top: 0px; height: 1px; margin-bottom: 0px;\" data-width=\"100%\" data-animate=\"\" data-animation-delay=\"\" data-color=\"default\" class=\"divider-border\"><\/div><\/div>\r\n\t<div class=\"wpb_text_column wpb_content_element  vc_custom_1606492126533\" >\r\n\t\t<div class=\"wpb_wrapper\">\r\n\t\t\t<p><strong>Abstract:<\/strong><\/p>\n<p>This multidisciplinary study aims to collect and produce knowledge in multiple areas on the disruption caused by exposure to stress factors in a military environment. In the area of legal policy, the study is structured around three main objectives: 1) to outline changes in the legal framework and identify the problem, in particular by defining situations that could be characterised as Post-Traumatic Stress Disorder (PTSD) or similar, as regards the condition of military and\/or ex-military personnel for that purpose, the type and duration of responses, and as regards procedures; 2) to identify the main legal obstacles arising from the current legal framework, whether caused by omission, lack of clarity, inconsistencies, disarray or other factors inherent in the law itself, or by factors that make practical application difficult, namely organisational factors or those relating to training shortcomings; 3) to present the main conclusions and recommendations.<\/p>\n\r\n\t\t<\/div>\r\n\t<\/div>\r\n<div class=\"divider-wrap\" data-alignment=\"default\"><div style=\"margin-top: 0px; height: 1px; margin-bottom: 0px;\" data-width=\"100%\" data-animate=\"\" data-animation-delay=\"\" data-color=\"default\" class=\"divider-border\"><\/div><\/div>\r\n\t<div class=\"wpb_text_column wpb_content_element  vc_custom_1606652458056\" >\r\n\t\t<div class=\"wpb_wrapper\">\r\n\t\t\t<p><strong>Researchers:<\/strong><\/p>\n<p>Carolina Carvalho<\/p>\n<p><a href=\"https:\/\/ces.uc.pt\/pt\/ces\/pessoas\/investigadoras-es\/conceicao-gomes\">Concei\u00e7\u00e3o Gomes<\/a> (coord.)<\/p>\n<p><a href=\"https:\/\/ces.uc.pt\/pt\/ces\/pessoas\/investigadoras-es\/paula-fernando\">Paula Fernando<\/a><\/p>\n\r\n\t\t<\/div>\r\n\t<\/div>\r\n\n\t\t<\/div> \n\t<\/div>\n\t<\/div> \n<\/div><\/div>\r\n    \t<div id=\"fws_69f48d4706990\" data-midnight=\"\" data-column-margin=\"default\" data-bg-mobile-hidden=\"\" class=\"wpb_row vc_row-fluid vc_row inner_row standard_section\"  style=\"padding-top: 0px; padding-bottom: 0px; \"><div class=\"row-bg-wrap\"> <div class=\"row-bg\"  style=\"\"><\/div> <\/div><div class=\"col span_12  left\">\n\t<div  class=\"vc_col-sm-12 wpb_column column_container vc_column_container col no-extra-padding\"   data-t-w-inherits=\"default\" data-shadow=\"none\" data-border-radius=\"none\" data-border-animation=\"\" data-border-animation-delay=\"\" data-border-width=\"none\" data-border-style=\"solid\" data-border-color=\"\" data-bg-cover=\"\" data-padding-pos=\"all\" data-has-bg-color=\"false\" data-bg-color=\"\" data-bg-opacity=\"1\" data-hover-bg=\"\" data-hover-bg-opacity=\"1\" data-animation=\"\" data-delay=\"0\"><div class=\"column-bg-overlay\"><\/div>\n\t\t<div class=\"vc_column-inner\">\n\t\t<div class=\"wpb_wrapper\">\n\t\t\t<div class=\"divider-wrap\" data-alignment=\"default\"><div style=\"margin-top: 0px; height: 1px; margin-bottom: 0px;\" data-width=\"100%\" data-animate=\"\" data-animation-delay=\"\" data-color=\"default\" class=\"divider-border\"><\/div><\/div><div class=\"divider-wrap\" data-alignment=\"default\"><div style=\"height: 25px;\" class=\"divider\"><\/div><\/div>\r\n\t<div class=\"wpb_text_column wpb_content_element  vc_custom_1606492177088\" >\r\n\t\t<div class=\"wpb_wrapper\">\r\n\t\t\t<p><strong>Funding: <\/strong><\/p>\n<p>Minist\u00e9rio da Defesa Nacional\/Centro de Recursos de Stress em Contexto Militar <\/p>\n\r\n\t\t<\/div>\r\n\t<\/div>\r\n<div class=\"divider-wrap\" data-alignment=\"default\"><div style=\"height: 25px;\" class=\"divider\"><\/div><\/div>\n\t\t<\/div> \n\t<\/div>\n\t<\/div> \n<\/div><\/div>\n\t\t\t<\/div> \n\t\t<\/div>\n\t<\/div> \n<\/div><\/div>","protected":false},"excerpt":{"rendered":"STRESS EM CONTEXTO MILITAR: A RESPOSTA POL\u00cdTICO-JUR\u00cdDICA Dura\u00e7\u00e3o: maio de 2018 a maio de 2021 Resumo: Este estudo, de natureza multidisciplinar, pretende coligir e produzir conhecimento em m\u00faltiplas \u00e1reas no...","protected":false},"author":1,"featured_media":0,"parent":0,"menu_order":0,"comment_status":"closed","ping_status":"closed","template":"","meta":{"footnotes":""},"class_list":["post-2359","page","type-page","status-publish"],"_links":{"self":[{"href":"https:\/\/opj.ces.uc.pt\/en\/wp-json\/wp\/v2\/pages\/2359","targetHints":{"allow":["GET"]}}],"collection":[{"href":"https:\/\/opj.ces.uc.pt\/en\/wp-json\/wp\/v2\/pages"}],"about":[{"href":"https:\/\/opj.ces.uc.pt\/en\/wp-json\/wp\/v2\/types\/page"}],"author":[{"embeddable":true,"href":"https:\/\/opj.ces.uc.pt\/en\/wp-json\/wp\/v2\/users\/1"}],"replies":[{"embeddable":true,"href":"https:\/\/opj.ces.uc.pt\/en\/wp-json\/wp\/v2\/comments?post=2359"}],"version-history":[{"count":4,"href":"https:\/\/opj.ces.uc.pt\/en\/wp-json\/wp\/v2\/pages\/2359\/revisions"}],"predecessor-version":[{"id":2409,"href":"https:\/\/opj.ces.uc.pt\/en\/wp-json\/wp\/v2\/pages\/2359\/revisions\/2409"}],"wp:attachment":[{"href":"https:\/\/opj.ces.uc.pt\/en\/wp-json\/wp\/v2\/media?parent=2359"}],"curies":[{"name":"wp","href":"https:\/\/api.w.org\/{rel}","templated":true}]}}

<div id="fws_69f48d4705fc6"  data-midnight="dark" data-top-percent="3%" data-bottom-percent="3%"  data-bg-mobile-hidden="" class="wpb_row vc_row-fluid vc_row top-level full-width-section standard_section"  style="padding-top: calc(100vw * 0.03); padding-bottom: calc(100vw * 0.03); "><div class="row-bg-wrap" data-bg-animation="none"><div class="inner-wrap"><div class="row-bg"  style=""></div></div><div class="row-bg-overlay" ></div></div><div class="col span_12 dark left">
	<div  class="vc_col-sm-12 wpb_column column_container vc_column_container col no-extra-padding"  data-t-w-inherits="default" data-border-radius="none" data-shadow="none" data-border-animation="" data-border-animation-delay="" data-border-width="none" data-border-style="solid" data-border-color="" data-bg-cover="" data-padding-pos="all" data-has-bg-color="false" data-bg-color="" data-bg-opacity="1" data-hover-bg="" data-hover-bg-opacity="1" data-animation="" data-delay="0"><div class="column-bg-overlay"></div>
		<div class="vc_column-inner">
			<div class="wpb_wrapper">
				
	<div class="wpb_text_column wpb_content_element  vc_custom_1606492086938" >
		<div class="wpb_wrapper">
			<h3 style="text-align: left;"><span style="color: #ffffff;">STRESS IN A MILITARY CONTEXT: THE POLITICAL AND LEGAL RESPONSE</span></h3>

		</div>
	</div>

			</div> 
		</div>
	</div> 
</div></div>
		<div id="fws_69f48d470628a"  data-midnight="dark"  data-bg-mobile-hidden="" class="wpb_row vc_row-fluid vc_row standard_section"  style="padding-top: 0px; padding-bottom: 0px; "><div class="row-bg-wrap" data-bg-animation="none"><div class="inner-wrap"><div class="row-bg"  style=""></div></div><div class="row-bg-overlay" ></div></div><div class="col span_12 dark left">
	<div  class="vc_col-sm-12 wpb_column column_container vc_column_container col no-extra-padding"  data-t-w-inherits="default" data-border-radius="none" data-shadow="none" data-border-animation="" data-border-animation-delay="" data-border-width="none" data-border-style="solid" data-border-color="" data-bg-cover="" data-padding-pos="all" data-has-bg-color="false" data-bg-color="" data-bg-opacity="1" data-hover-bg="" data-hover-bg-opacity="1" data-animation="" data-delay="0"><div class="column-bg-overlay"></div>
		<div class="vc_column-inner">
			<div class="wpb_wrapper">
				
    	<div id="fws_69f48d4706626" data-midnight="" data-column-margin="default" data-bg-mobile-hidden="" class="wpb_row vc_row-fluid vc_row inner_row standard_section"  style="padding-top: 0px; padding-bottom: 0px; "><div class="row-bg-wrap"> <div class="row-bg"  style=""></div> </div><div class="col span_12  left">
	<div  class="vc_col-sm-12 wpb_column column_container vc_column_container col no-extra-padding"   data-t-w-inherits="default" data-shadow="none" data-border-radius="none" data-border-animation="" data-border-animation-delay="" data-border-width="none" data-border-style="solid" data-border-color="" data-bg-cover="" data-padding-pos="all" data-has-bg-color="false" data-bg-color="" data-bg-opacity="1" data-hover-bg="" data-hover-bg-opacity="1" data-animation="" data-delay="0"><div class="column-bg-overlay"></div>
		<div class="vc_column-inner">
		<div class="wpb_wrapper">
			
	<div class="wpb_text_column wpb_content_element  vc_custom_1606492114000" >
		<div class="wpb_wrapper">
			<p><strong>Duration: </strong></p>
<p>May 2018 to May 2021</p>

		</div>
	</div>
<div class="divider-wrap" data-alignment="default"><div style="margin-top: 0px; height: 1px; margin-bottom: 0px;" data-width="100%" data-animate="" data-animation-delay="" data-color="default" class="divider-border"></div></div>
	<div class="wpb_text_column wpb_content_element  vc_custom_1606492126533" >
		<div class="wpb_wrapper">
			<p><strong>Abstract:</strong></p>
<p>This multidisciplinary study aims to collect and produce knowledge in multiple areas on the disruption caused by exposure to stress factors in a military environment. In the area of legal policy, the study is structured around three main objectives: 1) to outline changes in the legal framework and identify the problem, in particular by defining situations that could be characterised as Post-Traumatic Stress Disorder (PTSD) or similar, as regards the condition of military and/or ex-military personnel for that purpose, the type and duration of responses, and as regards procedures; 2) to identify the main legal obstacles arising from the current legal framework, whether caused by omission, lack of clarity, inconsistencies, disarray or other factors inherent in the law itself, or by factors that make practical application difficult, namely organisational factors or those relating to training shortcomings; 3) to present the main conclusions and recommendations.</p>

		</div>
	</div>
<div class="divider-wrap" data-alignment="default"><div style="margin-top: 0px; height: 1px; margin-bottom: 0px;" data-width="100%" data-animate="" data-animation-delay="" data-color="default" class="divider-border"></div></div>
	<div class="wpb_text_column wpb_content_element  vc_custom_1606652458056" >
		<div class="wpb_wrapper">
			<p><strong>Researchers:</strong></p>
<p>Carolina Carvalho</p>
<p><a href="https://ces.uc.pt/pt/ces/pessoas/investigadoras-es/conceicao-gomes">Conceição Gomes</a> (coord.)</p>
<p><a href="https://ces.uc.pt/pt/ces/pessoas/investigadoras-es/paula-fernando">Paula Fernando</a></p>

		</div>
	</div>

		</div> 
	</div>
	</div> 
</div></div>
    	<div id="fws_69f48d4706990" data-midnight="" data-column-margin="default" data-bg-mobile-hidden="" class="wpb_row vc_row-fluid vc_row inner_row standard_section"  style="padding-top: 0px; padding-bottom: 0px; "><div class="row-bg-wrap"> <div class="row-bg"  style=""></div> </div><div class="col span_12  left">
	<div  class="vc_col-sm-12 wpb_column column_container vc_column_container col no-extra-padding"   data-t-w-inherits="default" data-shadow="none" data-border-radius="none" data-border-animation="" data-border-animation-delay="" data-border-width="none" data-border-style="solid" data-border-color="" data-bg-cover="" data-padding-pos="all" data-has-bg-color="false" data-bg-color="" data-bg-opacity="1" data-hover-bg="" data-hover-bg-opacity="1" data-animation="" data-delay="0"><div class="column-bg-overlay"></div>
		<div class="vc_column-inner">
		<div class="wpb_wrapper">
			<div class="divider-wrap" data-alignment="default"><div style="margin-top: 0px; height: 1px; margin-bottom: 0px;" data-width="100%" data-animate="" data-animation-delay="" data-color="default" class="divider-border"></div></div><div class="divider-wrap" data-alignment="default"><div style="height: 25px;" class="divider"></div></div>
	<div class="wpb_text_column wpb_content_element  vc_custom_1606492177088" >
		<div class="wpb_wrapper">
			<p><strong>Funding: </strong></p>
<p>Ministério da Defesa Nacional/Centro de Recursos de Stress em Contexto Militar </p>

		</div>
	</div>
<div class="divider-wrap" data-alignment="default"><div style="height: 25px;" class="divider"></div></div>
		</div> 
	</div>
	</div> 
</div></div>
			</div> 
		</div>
	</div> 
</div></div>

STRESS EM CONTEXTO MILITAR: A RESPOSTA POLÍTICO-JURÍDICA Duração: maio de 2018 a maio de 2021 Resumo: Este estudo, de natureza multidisciplinar, pretende coligir e produzir conhecimento em múltiplas áreas no...
