{"id":2498,"date":"2021-02-16T14:44:48","date_gmt":"2021-02-16T14:44:48","guid":{"rendered":"https:\/\/opj.ces.uc.pt\/?page_id=2498"},"modified":"2021-02-16T14:46:58","modified_gmt":"2021-02-16T14:46:58","slug":"ii-encontro-cabo-verde-14-15-e-18-de-dezembro-2020-online","status":"publish","type":"page","link":"https:\/\/opj.ces.uc.pt\/en\/ii-encontro-cabo-verde-14-15-e-18-de-dezembro-2020-online\/","title":{"rendered":"II Encontro \u2013 Cabo Verde, 14, 15 e 18 de dezembro 2020 (online)"},"content":{"rendered":"<div id=\"fws_69f590137e1f4\"  data-midnight=\"dark\" data-top-percent=\"3%\"  data-bg-mobile-hidden=\"\" class=\"wpb_row vc_row-fluid vc_row top-level full-width-section standard_section\"  style=\"padding-top: calc(100vw * 0.03); padding-bottom: 0px; \"><div class=\"row-bg-wrap\" data-bg-animation=\"none\"><div class=\"inner-wrap\"><div class=\"row-bg\"  style=\"\"><\/div><\/div><div class=\"row-bg-overlay\" ><\/div><\/div><div class=\"col span_12 dark left\">\n\t<div  class=\"vc_col-sm-12 wpb_column column_container vc_column_container col no-extra-padding\"  data-t-w-inherits=\"default\" data-border-radius=\"none\" data-shadow=\"none\" data-border-animation=\"\" data-border-animation-delay=\"\" data-border-width=\"none\" data-border-style=\"solid\" data-border-color=\"\" data-bg-cover=\"\" data-padding-pos=\"all\" data-has-bg-color=\"false\" data-bg-color=\"\" data-bg-opacity=\"1\" data-hover-bg=\"\" data-hover-bg-opacity=\"1\" data-animation=\"\" data-delay=\"0\"><div class=\"column-bg-overlay\"><\/div>\n\t\t<div class=\"vc_column-inner\">\n\t\t\t<div class=\"wpb_wrapper\">\n\t\t\t\t\r\n\t<div class=\"wpb_text_column wpb_content_element  vc_custom_1613486246570\" >\r\n\t\t<div class=\"wpb_wrapper\">\r\n\t\t\t<h3 style=\"text-align: left;\"><span style=\"color: #ffffff;\">II ENCONTRO \u2013 CABO VERDE, 14, 15 E 18 DE DEZEMBRO 2020 (ONLINE)<\/span><\/h3>\n\r\n\t\t<\/div>\r\n\t<\/div>\r\n<div class=\"divider-wrap\" data-alignment=\"default\"><div style=\"height: 50px;\" class=\"divider\"><\/div><\/div>\n\t\t\t<\/div> \n\t\t<\/div>\n\t<\/div> \n<\/div><\/div>\n\t\t<div id=\"fws_69f59013847a0\"  data-midnight=\"dark\"  data-bg-mobile-hidden=\"\" class=\"wpb_row vc_row-fluid vc_row standard_section\"  style=\"padding-top: 0px; padding-bottom: 0px; \"><div class=\"row-bg-wrap\" data-bg-animation=\"none\"><div class=\"inner-wrap\"><div class=\"row-bg\"  style=\"\"><\/div><\/div><div class=\"row-bg-overlay\" ><\/div><\/div><div class=\"col span_12 dark left\">\n\t<div  class=\"vc_col-sm-8 wpb_column column_container vc_column_container col no-extra-padding\"  data-t-w-inherits=\"default\" data-border-radius=\"none\" data-shadow=\"none\" data-border-animation=\"\" data-border-animation-delay=\"\" data-border-width=\"none\" data-border-style=\"solid\" data-border-color=\"\" data-bg-cover=\"\" data-padding-pos=\"all\" data-has-bg-color=\"false\" data-bg-color=\"\" data-bg-opacity=\"1\" data-hover-bg=\"\" data-hover-bg-opacity=\"1\" data-animation=\"\" data-delay=\"0\"><div class=\"column-bg-overlay\"><\/div>\n\t\t<div class=\"vc_column-inner\">\n\t\t\t<div class=\"wpb_wrapper\">\n\t\t\t\t<div class=\"img-with-aniamtion-wrap\" data-max-width=\"100%\" data-border-radius=\"none\"><div class=\"inner\"><img loading=\"lazy\" decoding=\"async\" data-shadow=\"none\" data-shadow-direction=\"middle\" class=\"img-with-animation skip-lazy\" data-delay=\"0\" height=\"300\" width=\"572\"  data-animation=\"fade-in\" src=\"https:\/\/opj.ces.uc.pt\/wp-content\/uploads\/2021\/02\/II-Encontro-\u2013-Cabo-Verde2020.jpg\" srcset=\"https:\/\/opj.ces.uc.pt\/wp-content\/uploads\/2021\/02\/II-Encontro-\u2013-Cabo-Verde2020.jpg 572w, https:\/\/opj.ces.uc.pt\/wp-content\/uploads\/2021\/02\/II-Encontro-\u2013-Cabo-Verde2020-300x157.jpg 300w\" sizes=\"auto, 100vw\" alt=\"\" \/><\/div><\/div>\r\n\t<div class=\"wpb_text_column wpb_content_element  vc_custom_1613486816934\" >\r\n\t\t<div class=\"wpb_wrapper\">\r\n\t\t\t<p><a href=\"https:\/\/opj.ces.uc.pt\/wp-content\/uploads\/2021\/02\/Programa-II-Encontro-Cabo-Verde.pdf\"><b>II Encontro de Conhecimento, Partilha de Experi\u00eancias e Boas Pr\u00e1ticas: Prevenir e lutar eficazmente contra a corrup\u00e7\u00e3o, branqueamento de capitais e crime organizado (online)<br \/>\nCabo Verde<\/b><\/a><br \/>\nEncontro organizado pelo OPJ, em parceria com o Minist\u00e9rio da Justi\u00e7a e do Trabalho, atrav\u00e9s da Dire\u00e7\u00e3o-Geral da Pol\u00edtica da Justi\u00e7a, no \u00e2mbito do projeto <a href=\"https:\/\/ces.uc.pt\/pt\/investigacao\/projetos-de-investigacao\/projetos-financiados\/encontros-de-conhecimento-e-de-partilha-de\">PACED Activities project: Project to support the consolidation of the rule of law<\/a>.<br \/>\n14, 15 e 18 de dezembro<br \/>\nCabo Verde<\/p>\n\r\n\t\t<\/div>\r\n\t<\/div>\r\n<div class=\"divider-wrap\" data-alignment=\"default\"><div style=\"height: 30px;\" class=\"divider\"><\/div><\/div><a class=\"nectar-button small see-through accent-color has-icon\" style=\"border-color: #581634; color: #581634;\" target=\"_blank\" href=\"https:\/\/opj.ces.uc.pt\/wp-content\/uploads\/2021\/02\/Programa-II-Encontro-Cabo-Verde.pdf\" data-color-override=\"#581634\" data-hover-color-override=\"false\" data-hover-text-color-override=\"#fff\"><span>PROGRAMME<\/span><i  class=\"fa fa-file-pdf-o\"><\/i><\/a>\n\t\t\t<\/div> \n\t\t<\/div>\n\t<\/div> \n\n\t<div  class=\"vc_col-sm-4 wpb_column column_container vc_column_container col no-extra-padding\"  data-t-w-inherits=\"default\" data-border-radius=\"none\" data-shadow=\"none\" data-border-animation=\"\" data-border-animation-delay=\"\" data-border-width=\"none\" data-border-style=\"solid\" data-border-color=\"\" data-bg-cover=\"\" data-padding-pos=\"all\" data-has-bg-color=\"false\" data-bg-color=\"\" data-bg-opacity=\"1\" data-hover-bg=\"\" data-hover-bg-opacity=\"1\" data-animation=\"\" data-delay=\"0\"><div class=\"column-bg-overlay\"><\/div>\n\t\t<div class=\"vc_column-inner\">\n\t\t\t<div class=\"wpb_wrapper\">\n\t\t\t\t\n\t\t\t<\/div> \n\t\t<\/div>\n\t<\/div> \n<\/div><\/div>","protected":false},"excerpt":{"rendered":"II ENCONTRO \u2013 CABO VERDE, 14, 15 E 18 DE DEZEMBRO 2020 (ONLINE) II Encontro de Conhecimento, Partilha de Experi\u00eancias e Boas Pr\u00e1ticas: Prevenir e lutar eficazmente contra a corrup\u00e7\u00e3o,...","protected":false},"author":1,"featured_media":0,"parent":0,"menu_order":0,"comment_status":"closed","ping_status":"closed","template":"","meta":{"footnotes":""},"class_list":["post-2498","page","type-page","status-publish"],"_links":{"self":[{"href":"https:\/\/opj.ces.uc.pt\/en\/wp-json\/wp\/v2\/pages\/2498","targetHints":{"allow":["GET"]}}],"collection":[{"href":"https:\/\/opj.ces.uc.pt\/en\/wp-json\/wp\/v2\/pages"}],"about":[{"href":"https:\/\/opj.ces.uc.pt\/en\/wp-json\/wp\/v2\/types\/page"}],"author":[{"embeddable":true,"href":"https:\/\/opj.ces.uc.pt\/en\/wp-json\/wp\/v2\/users\/1"}],"replies":[{"embeddable":true,"href":"https:\/\/opj.ces.uc.pt\/en\/wp-json\/wp\/v2\/comments?post=2498"}],"version-history":[{"count":4,"href":"https:\/\/opj.ces.uc.pt\/en\/wp-json\/wp\/v2\/pages\/2498\/revisions"}],"predecessor-version":[{"id":2504,"href":"https:\/\/opj.ces.uc.pt\/en\/wp-json\/wp\/v2\/pages\/2498\/revisions\/2504"}],"wp:attachment":[{"href":"https:\/\/opj.ces.uc.pt\/en\/wp-json\/wp\/v2\/media?parent=2498"}],"curies":[{"name":"wp","href":"https:\/\/api.w.org\/{rel}","templated":true}]}}

<div id="fws_69f590137e1f4"  data-midnight="dark" data-top-percent="3%"  data-bg-mobile-hidden="" class="wpb_row vc_row-fluid vc_row top-level full-width-section standard_section"  style="padding-top: calc(100vw * 0.03); padding-bottom: 0px; "><div class="row-bg-wrap" data-bg-animation="none"><div class="inner-wrap"><div class="row-bg"  style=""></div></div><div class="row-bg-overlay" ></div></div><div class="col span_12 dark left">
	<div  class="vc_col-sm-12 wpb_column column_container vc_column_container col no-extra-padding"  data-t-w-inherits="default" data-border-radius="none" data-shadow="none" data-border-animation="" data-border-animation-delay="" data-border-width="none" data-border-style="solid" data-border-color="" data-bg-cover="" data-padding-pos="all" data-has-bg-color="false" data-bg-color="" data-bg-opacity="1" data-hover-bg="" data-hover-bg-opacity="1" data-animation="" data-delay="0"><div class="column-bg-overlay"></div>
		<div class="vc_column-inner">
			<div class="wpb_wrapper">
				
	<div class="wpb_text_column wpb_content_element  vc_custom_1613486246570" >
		<div class="wpb_wrapper">
			<h3 style="text-align: left;"><span style="color: #ffffff;">II ENCONTRO – CABO VERDE, 14, 15 E 18 DE DEZEMBRO 2020 (ONLINE)</span></h3>

		</div>
	</div>
<div class="divider-wrap" data-alignment="default"><div style="height: 50px;" class="divider"></div></div>
			</div> 
		</div>
	</div> 
</div></div>
		<div id="fws_69f59013847a0"  data-midnight="dark"  data-bg-mobile-hidden="" class="wpb_row vc_row-fluid vc_row standard_section"  style="padding-top: 0px; padding-bottom: 0px; "><div class="row-bg-wrap" data-bg-animation="none"><div class="inner-wrap"><div class="row-bg"  style=""></div></div><div class="row-bg-overlay" ></div></div><div class="col span_12 dark left">
	<div  class="vc_col-sm-8 wpb_column column_container vc_column_container col no-extra-padding"  data-t-w-inherits="default" data-border-radius="none" data-shadow="none" data-border-animation="" data-border-animation-delay="" data-border-width="none" data-border-style="solid" data-border-color="" data-bg-cover="" data-padding-pos="all" data-has-bg-color="false" data-bg-color="" data-bg-opacity="1" data-hover-bg="" data-hover-bg-opacity="1" data-animation="" data-delay="0"><div class="column-bg-overlay"></div>
		<div class="vc_column-inner">
			<div class="wpb_wrapper">
				<div class="img-with-aniamtion-wrap" data-max-width="100%" data-border-radius="none"><div class="inner"><img loading="lazy" decoding="async" data-shadow="none" data-shadow-direction="middle" class="img-with-animation skip-lazy" data-delay="0" height="300" width="572"  data-animation="fade-in" src="https://opj.ces.uc.pt/wp-content/uploads/2021/02/II-Encontro-–-Cabo-Verde2020.jpg" srcset="https://opj.ces.uc.pt/wp-content/uploads/2021/02/II-Encontro-–-Cabo-Verde2020.jpg 572w, https://opj.ces.uc.pt/wp-content/uploads/2021/02/II-Encontro-–-Cabo-Verde2020-300x157.jpg 300w" sizes="auto, 100vw" alt="" /></div></div>
	<div class="wpb_text_column wpb_content_element  vc_custom_1613486816934" >
		<div class="wpb_wrapper">
			<p><a href="https://opj.ces.uc.pt/wp-content/uploads/2021/02/Programa-II-Encontro-Cabo-Verde.pdf"><b>II Encontro de Conhecimento, Partilha de Experiências e Boas Práticas: Prevenir e lutar eficazmente contra a corrupção, branqueamento de capitais e crime organizado (online)<br />
Cabo Verde</b></a><br />
Encontro organizado pelo OPJ, em parceria com o Ministério da Justiça e do Trabalho, através da Direção-Geral da Política da Justiça, no âmbito do projeto <a href="https://ces.uc.pt/pt/investigacao/projetos-de-investigacao/projetos-financiados/encontros-de-conhecimento-e-de-partilha-de">PACED Activities project: Project to support the consolidation of the rule of law</a>.<br />
14, 15 e 18 de dezembro<br />
Cabo Verde</p>

		</div>
	</div>
<div class="divider-wrap" data-alignment="default"><div style="height: 30px;" class="divider"></div></div><a class="nectar-button small see-through accent-color has-icon" style="border-color: #581634; color: #581634;" target="_blank" href="https://opj.ces.uc.pt/wp-content/uploads/2021/02/Programa-II-Encontro-Cabo-Verde.pdf" data-color-override="#581634" data-hover-color-override="false" data-hover-text-color-override="#fff"><span>PROGRAMME</span><i  class="fa fa-file-pdf-o"></i></a>
			</div> 
		</div>
	</div> 

	<div  class="vc_col-sm-4 wpb_column column_container vc_column_container col no-extra-padding"  data-t-w-inherits="default" data-border-radius="none" data-shadow="none" data-border-animation="" data-border-animation-delay="" data-border-width="none" data-border-style="solid" data-border-color="" data-bg-cover="" data-padding-pos="all" data-has-bg-color="false" data-bg-color="" data-bg-opacity="1" data-hover-bg="" data-hover-bg-opacity="1" data-animation="" data-delay="0"><div class="column-bg-overlay"></div>
		<div class="vc_column-inner">
			<div class="wpb_wrapper">
				
			</div> 
		</div>
	</div> 
</div></div>

II ENCONTRO – CABO VERDE, 14, 15 E 18 DE DEZEMBRO 2020 (ONLINE) II Encontro de Conhecimento, Partilha de Experiências e Boas Práticas: Prevenir e lutar eficazmente contra a corrupção,...
