{"id":2839,"date":"2021-07-07T10:24:41","date_gmt":"2021-07-07T10:24:41","guid":{"rendered":"https:\/\/opj.ces.uc.pt\/?page_id=2839"},"modified":"2021-07-07T10:25:33","modified_gmt":"2021-07-07T10:25:33","slug":"ii-encontro-de-conhecimento-partilha-de-experiencias-e-boas-praticas-prevenir-e-lutar-eficazmente-contra-a-corrupcao-branqueamento-de-capitais-e-crime-organizado-online-sao-tome-e-princ","status":"publish","type":"page","link":"https:\/\/opj.ces.uc.pt\/en\/ii-encontro-de-conhecimento-partilha-de-experiencias-e-boas-praticas-prevenir-e-lutar-eficazmente-contra-a-corrupcao-branqueamento-de-capitais-e-crime-organizado-online-sao-tome-e-princ\/","title":{"rendered":"II Encontro de Conhecimento, Partilha de Experi\u00eancias e Boas Pr\u00e1ticas: Prevenir e lutar eficazmente contra a corrup\u00e7\u00e3o, branqueamento de capitais e crime organizado (online) \u2013 S\u00e3o Tom\u00e9 e Pr\u00edncipe"},"content":{"rendered":"<div id=\"fws_69f5a3f8f2f62\"  data-midnight=\"dark\" data-top-percent=\"3%\" data-bottom-percent=\"3%\"  data-bg-mobile-hidden=\"\" class=\"wpb_row vc_row-fluid vc_row top-level full-width-section standard_section\"  style=\"padding-top: calc(100vw * 0.03); padding-bottom: calc(100vw * 0.03); \"><div class=\"row-bg-wrap\" data-bg-animation=\"none\"><div class=\"inner-wrap\"><div class=\"row-bg\"  style=\"\"><\/div><\/div><div class=\"row-bg-overlay\" ><\/div><\/div><div class=\"col span_12 dark left\">\n\t<div  class=\"vc_col-sm-12 wpb_column column_container vc_column_container col no-extra-padding\"  data-t-w-inherits=\"default\" data-border-radius=\"none\" data-shadow=\"none\" data-border-animation=\"\" data-border-animation-delay=\"\" data-border-width=\"none\" data-border-style=\"solid\" data-border-color=\"\" data-bg-cover=\"\" data-padding-pos=\"all\" data-has-bg-color=\"false\" data-bg-color=\"\" data-bg-opacity=\"1\" data-hover-bg=\"\" data-hover-bg-opacity=\"1\" data-animation=\"\" data-delay=\"0\"><div class=\"column-bg-overlay\"><\/div>\n\t\t<div class=\"vc_column-inner\">\n\t\t\t<div class=\"wpb_wrapper\">\n\t\t\t\t\r\n\t<div class=\"wpb_text_column wpb_content_element  vc_custom_1625653116303\" >\r\n\t\t<div class=\"wpb_wrapper\">\r\n\t\t\t<h3 style=\"text-align: left;\"><span style=\"color: #ffffff;\">CONFERENCE<\/span><\/h3>\n\r\n\t\t<\/div>\r\n\t<\/div>\r\n<div class=\"divider-wrap\" data-alignment=\"default\"><div style=\"height: 50px;\" class=\"divider\"><\/div><\/div>\n\t\t\t<\/div> \n\t\t<\/div>\n\t<\/div> \n<\/div><\/div>\n\t\t<div id=\"fws_69f5a3f8f35a0\"  data-midnight=\"dark\"  data-bg-mobile-hidden=\"\" class=\"wpb_row vc_row-fluid vc_row standard_section\"  style=\"padding-top: 0px; padding-bottom: 0px; \"><div class=\"row-bg-wrap\" data-bg-animation=\"none\"><div class=\"inner-wrap\"><div class=\"row-bg\"  style=\"\"><\/div><\/div><div class=\"row-bg-overlay\" ><\/div><\/div><div class=\"col span_12 dark left\">\n\t<div  class=\"vc_col-sm-8 wpb_column column_container vc_column_container col no-extra-padding\"  data-t-w-inherits=\"default\" data-border-radius=\"none\" data-shadow=\"none\" data-border-animation=\"\" data-border-animation-delay=\"\" data-border-width=\"none\" data-border-style=\"solid\" data-border-color=\"\" data-bg-cover=\"\" data-padding-pos=\"all\" data-has-bg-color=\"false\" data-bg-color=\"\" data-bg-opacity=\"1\" data-hover-bg=\"\" data-hover-bg-opacity=\"1\" data-animation=\"\" data-delay=\"0\"><div class=\"column-bg-overlay\"><\/div>\n\t\t<div class=\"vc_column-inner\">\n\t\t\t<div class=\"wpb_wrapper\">\n\t\t\t\t\r\n\t<div class=\"wpb_text_column wpb_content_element  vc_custom_1625653531368\" >\r\n\t\t<div class=\"wpb_wrapper\">\r\n\t\t\t<p><strong>Encontro organizado pelo OPJ, em colabora\u00e7\u00e3o com a Dire\u00e7\u00e3o de Pol\u00edtica de Justi\u00e7a do Minist\u00e9rio da Justi\u00e7a, Administra\u00e7\u00e3o P\u00fablica e Direitos Humanos, no \u00e2mbito do projeto Atividades no \u00e2mbito do PACED: Projeto de apoio \u00e0 consolida\u00e7\u00e3o do Estado de direito.<\/strong><\/p>\n<p>22 e 24 de junho<br \/>\nS\u00e3o Tom\u00e9 e Pr\u00edncipe<\/p>\n\r\n\t\t<\/div>\r\n\t<\/div>\r\n<div class=\"divider-wrap\" data-alignment=\"default\"><div style=\"height: 30px;\" class=\"divider\"><\/div><\/div><a class=\"nectar-button small see-through accent-color has-icon\" style=\"border-color: #581634; color: #581634;\" target=\"_blank\" href=\"https:\/\/opj.ces.uc.pt\/wp-content\/uploads\/2021\/07\/Programa-a.pdf\" data-color-override=\"#581634\" data-hover-color-override=\"false\" data-hover-text-color-override=\"#fff\"><span>PROGRAMME<\/span><i  class=\"fa fa-files-o\"><\/i><\/a>\n\t\t\t<\/div> \n\t\t<\/div>\n\t<\/div> \n\n\t<div  class=\"vc_col-sm-4 wpb_column column_container vc_column_container col no-extra-padding\"  data-t-w-inherits=\"default\" data-border-radius=\"none\" data-shadow=\"none\" data-border-animation=\"\" data-border-animation-delay=\"\" data-border-width=\"none\" data-border-style=\"solid\" data-border-color=\"\" data-bg-cover=\"\" data-padding-pos=\"all\" data-has-bg-color=\"false\" data-bg-color=\"\" data-bg-opacity=\"1\" data-hover-bg=\"\" data-hover-bg-opacity=\"1\" data-animation=\"\" data-delay=\"0\"><div class=\"column-bg-overlay\"><\/div>\n\t\t<div class=\"vc_column-inner\">\n\t\t\t<div class=\"wpb_wrapper\">\n\t\t\t\t\n\t\t\t<\/div> \n\t\t<\/div>\n\t<\/div> \n<\/div><\/div>","protected":false},"excerpt":{"rendered":"ENCONTRO Encontro organizado pelo OPJ, em colabora\u00e7\u00e3o com a Dire\u00e7\u00e3o de Pol\u00edtica de Justi\u00e7a do Minist\u00e9rio da Justi\u00e7a, Administra\u00e7\u00e3o P\u00fablica e Direitos Humanos, no \u00e2mbito do projeto Atividades no \u00e2mbito...","protected":false},"author":1,"featured_media":2841,"parent":0,"menu_order":0,"comment_status":"closed","ping_status":"closed","template":"","meta":{"footnotes":""},"class_list":["post-2839","page","type-page","status-publish","has-post-thumbnail"],"_links":{"self":[{"href":"https:\/\/opj.ces.uc.pt\/en\/wp-json\/wp\/v2\/pages\/2839","targetHints":{"allow":["GET"]}}],"collection":[{"href":"https:\/\/opj.ces.uc.pt\/en\/wp-json\/wp\/v2\/pages"}],"about":[{"href":"https:\/\/opj.ces.uc.pt\/en\/wp-json\/wp\/v2\/types\/page"}],"author":[{"embeddable":true,"href":"https:\/\/opj.ces.uc.pt\/en\/wp-json\/wp\/v2\/users\/1"}],"replies":[{"embeddable":true,"href":"https:\/\/opj.ces.uc.pt\/en\/wp-json\/wp\/v2\/comments?post=2839"}],"version-history":[{"count":2,"href":"https:\/\/opj.ces.uc.pt\/en\/wp-json\/wp\/v2\/pages\/2839\/revisions"}],"predecessor-version":[{"id":2843,"href":"https:\/\/opj.ces.uc.pt\/en\/wp-json\/wp\/v2\/pages\/2839\/revisions\/2843"}],"wp:featuredmedia":[{"embeddable":true,"href":"https:\/\/opj.ces.uc.pt\/en\/wp-json\/wp\/v2\/media\/2841"}],"wp:attachment":[{"href":"https:\/\/opj.ces.uc.pt\/en\/wp-json\/wp\/v2\/media?parent=2839"}],"curies":[{"name":"wp","href":"https:\/\/api.w.org\/{rel}","templated":true}]}}

II Encontro de Conhecimento, Partilha de Experiências e Boas Práticas: Prevenir e lutar eficazmente contra a corrupção, branqueamento de capitais e crime organizado (online) – São Tomé e Príncipe

<div id="fws_69f5a3f8f2f62"  data-midnight="dark" data-top-percent="3%" data-bottom-percent="3%"  data-bg-mobile-hidden="" class="wpb_row vc_row-fluid vc_row top-level full-width-section standard_section"  style="padding-top: calc(100vw * 0.03); padding-bottom: calc(100vw * 0.03); "><div class="row-bg-wrap" data-bg-animation="none"><div class="inner-wrap"><div class="row-bg"  style=""></div></div><div class="row-bg-overlay" ></div></div><div class="col span_12 dark left">
	<div  class="vc_col-sm-12 wpb_column column_container vc_column_container col no-extra-padding"  data-t-w-inherits="default" data-border-radius="none" data-shadow="none" data-border-animation="" data-border-animation-delay="" data-border-width="none" data-border-style="solid" data-border-color="" data-bg-cover="" data-padding-pos="all" data-has-bg-color="false" data-bg-color="" data-bg-opacity="1" data-hover-bg="" data-hover-bg-opacity="1" data-animation="" data-delay="0"><div class="column-bg-overlay"></div>
		<div class="vc_column-inner">
			<div class="wpb_wrapper">
				
	<div class="wpb_text_column wpb_content_element  vc_custom_1625653116303" >
		<div class="wpb_wrapper">
			<h3 style="text-align: left;"><span style="color: #ffffff;">CONFERENCE</span></h3>

		</div>
	</div>
<div class="divider-wrap" data-alignment="default"><div style="height: 50px;" class="divider"></div></div>
			</div> 
		</div>
	</div> 
</div></div>
		<div id="fws_69f5a3f8f35a0"  data-midnight="dark"  data-bg-mobile-hidden="" class="wpb_row vc_row-fluid vc_row standard_section"  style="padding-top: 0px; padding-bottom: 0px; "><div class="row-bg-wrap" data-bg-animation="none"><div class="inner-wrap"><div class="row-bg"  style=""></div></div><div class="row-bg-overlay" ></div></div><div class="col span_12 dark left">
	<div  class="vc_col-sm-8 wpb_column column_container vc_column_container col no-extra-padding"  data-t-w-inherits="default" data-border-radius="none" data-shadow="none" data-border-animation="" data-border-animation-delay="" data-border-width="none" data-border-style="solid" data-border-color="" data-bg-cover="" data-padding-pos="all" data-has-bg-color="false" data-bg-color="" data-bg-opacity="1" data-hover-bg="" data-hover-bg-opacity="1" data-animation="" data-delay="0"><div class="column-bg-overlay"></div>
		<div class="vc_column-inner">
			<div class="wpb_wrapper">
				
	<div class="wpb_text_column wpb_content_element  vc_custom_1625653531368" >
		<div class="wpb_wrapper">
			<p><strong>Encontro organizado pelo OPJ, em colaboração com a Direção de Política de Justiça do Ministério da Justiça, Administração Pública e Direitos Humanos, no âmbito do projeto Atividades no âmbito do PACED: Projeto de apoio à consolidação do Estado de direito.</strong></p>
<p>22 e 24 de junho<br />
São Tomé e Príncipe</p>

		</div>
	</div>
<div class="divider-wrap" data-alignment="default"><div style="height: 30px;" class="divider"></div></div><a class="nectar-button small see-through accent-color has-icon" style="border-color: #581634; color: #581634;" target="_blank" href="https://opj.ces.uc.pt/wp-content/uploads/2021/07/Programa-a.pdf" data-color-override="#581634" data-hover-color-override="false" data-hover-text-color-override="#fff"><span>PROGRAMME</span><i  class="fa fa-files-o"></i></a>
			</div> 
		</div>
	</div> 

	<div  class="vc_col-sm-4 wpb_column column_container vc_column_container col no-extra-padding"  data-t-w-inherits="default" data-border-radius="none" data-shadow="none" data-border-animation="" data-border-animation-delay="" data-border-width="none" data-border-style="solid" data-border-color="" data-bg-cover="" data-padding-pos="all" data-has-bg-color="false" data-bg-color="" data-bg-opacity="1" data-hover-bg="" data-hover-bg-opacity="1" data-animation="" data-delay="0"><div class="column-bg-overlay"></div>
		<div class="vc_column-inner">
			<div class="wpb_wrapper">
				
			</div> 
		</div>
	</div> 
</div></div>

ENCONTRO Encontro organizado pelo OPJ, em colaboração com a Direção de Política de Justiça do Ministério da Justiça, Administração Pública e Direitos Humanos, no âmbito do projeto Atividades no âmbito...
